{"id":8,"date":"2015-05-16T07:34:54","date_gmt":"2015-05-16T05:34:54","guid":{"rendered":"http:\/\/www.reimersbs.se\/?page_id=8"},"modified":"2026-03-12T06:18:05","modified_gmt":"2026-03-12T05:18:05","slug":"styrelsen","status":"publish","type":"page","link":"http:\/\/www.reimersbs.se\/index.php\/styrelsen\/","title":{"rendered":"Styrelsen"},"content":{"rendered":"<h2><strong>Funktion\u00e4rer 2025-2026<\/strong><\/h2>\n<p><strong>Styrelse:\u00a0<\/strong><\/p>\n<p><strong><em>Ordf\u00f6rande:<\/em><\/strong><br \/>\nCarl Andreas Claussen<br \/>\n<strong><a href=\"mailto:ordforande@reimersbs.se\">ordforande@reimersbs.se<\/a><\/strong><\/p>\n<p><strong><em>Sekreterare &amp; webbansvarig:<\/em><\/strong><br \/>\nKjell Eriksson<br \/>\n<strong><a href=\"mailto:kjell@kjelleman.se\">kjell@kjelleman.se<\/a><\/strong><\/p>\n<p><em style=\"color: initial;\"><strong>Ekonomiansvarig:<br \/>\n<\/strong><\/em>Katharina Gransl\u00e4tt<br \/>\n<strong><a href=\"mailto:katharina.granslett@gmail.com\">katharina.granslett@gmail.com<\/a><\/strong><\/p>\n<p><em style=\"font-size: inherit;\"><strong>Hamnkapten (sommarplatser):<br \/>\n<\/strong><\/em><span style=\"font-size: inherit;\">Stefan Fredriksson<br \/>\n<\/span><strong style=\"font-size: inherit;\"><span id=\"cloak56678\"><a style=\"font-size: inherit;\" href=\"mailto:sfredriksson57@hotmail.se\">sfredriksson57@hotmail.se<\/a><br \/>\n<\/span><\/strong><span id=\"cloak56678\"><span style=\"font-size: inherit;\">telefon: 073-683 60 17<\/span><\/span><strong style=\"font-size: inherit;\"><span id=\"cloak56678\"><br \/>\n<\/span><\/strong><\/p>\n<p><strong><em>Varvschef (vinterplatser):<\/em><\/strong><br \/>\nKevin Liljegren<br \/>\n<strong><a href=\"mailto:kevin.liljegren@live.se\"><span style=\"font-size: revert;\">kevin.liljegren@live.se<\/span><\/a><\/strong><\/p>\n<p><em><strong>Medlemsansvarig:<\/strong><\/em><br \/>\nErik Enstr\u00f6m<br \/>\n<strong><a href=\"mailto:medlemsansvarig@reimersbs.se\">medlemsansvarig@reimersbs.se<\/a><\/strong><\/p>\n<p><strong><em>Klubbm\u00e4stare och milj\u00f6samordnare:<br \/>\n<\/em><\/strong><span style=\"font-size: revert;\">Liselotte Sandman<br \/>\n<a href=\"mailto:Liselotte.sandman@gmail.com\"><strong>Liselotte.sandman@gmail.com<\/strong><\/a><br \/>\n<\/span><\/p>\n<p><i style=\"font-weight: bold;\">Valberedning:<\/i><br \/>\n<span style=\"font-family: inherit;\">Jim Breen<\/span><span style=\"font-family: inherit;\"><span style=\"font-family: inherit;\"><span style=\"font-size: revert;\"><br \/>\n<\/span><\/span><\/span><\/p>\n<hr \/>\n<table border=\"0\" width=\"660\" align=\"center\">\n<tbody>\n<tr>\n<td width=\"99\"><strong>Hemsida:<\/strong><\/td>\n<td width=\"215\"><strong>www.reimersbs.se<\/strong><\/td>\n<td width=\"328\">(l\u00e4nken &#8221;Medlemssidor&#8221; kr\u00e4ver inloggning med anv\u00e4ndarnamn och eget l\u00f6senord)<\/td>\n<\/tr>\n<\/tbody>\n<\/table>\n<p>RBS 2026-03-11<\/p>\n","protected":false},"excerpt":{"rendered":"<p>Funktion\u00e4rer 2025-2026 Styrelse:\u00a0 Ordf\u00f6rande: Carl Andreas Claussen ordforande@reimersbs.se Sekreterare &amp; webbansvarig: Kjell Eriksson kjell@kjelleman.se Ekonomiansvarig: Katharina Gransl\u00e4tt katharina.granslett@gmail.com Hamnkapten (sommarplatser): Stefan Fredriksson sfredriksson57@hotmail.se telefon: 073-683 60 17 Varvschef (vinterplatser): Kevin Liljegren kevin.liljegren@live.se Medlemsansvarig: Erik Enstr\u00f6m medlemsansvarig@reimersbs.se Klubbm\u00e4stare och milj\u00f6samordnare: Liselotte Sandman Liselotte.sandman@gmail.com Valberedning: Jim Breen Hemsida: www.reimersbs.se (l\u00e4nken &#8221;Medlemssidor&#8221; kr\u00e4ver&#46;&#46;&#46; <a class=\"more-link\" href=\"http:\/\/www.reimersbs.se\/index.php\/styrelsen\/\">L\u00e4s mer \u00bb<\/a><\/p>\n","protected":false},"author":1,"featured_media":0,"parent":0,"menu_order":0,"comment_status":"open","ping_status":"open","template":"","meta":{"footnotes":""},"class_list":["post-8","page","type-page","status-publish","hentry"],"_links":{"self":[{"href":"http:\/\/www.reimersbs.se\/index.php\/wp-json\/wp\/v2\/pages\/8","targetHints":{"allow":["GET"]}}],"collection":[{"href":"http:\/\/www.reimersbs.se\/index.php\/wp-json\/wp\/v2\/pages"}],"about":[{"href":"http:\/\/www.reimersbs.se\/index.php\/wp-json\/wp\/v2\/types\/page"}],"author":[{"embeddable":true,"href":"http:\/\/www.reimersbs.se\/index.php\/wp-json\/wp\/v2\/users\/1"}],"replies":[{"embeddable":true,"href":"http:\/\/www.reimersbs.se\/index.php\/wp-json\/wp\/v2\/comments?post=8"}],"version-history":[{"count":63,"href":"http:\/\/www.reimersbs.se\/index.php\/wp-json\/wp\/v2\/pages\/8\/revisions"}],"predecessor-version":[{"id":1983,"href":"http:\/\/www.reimersbs.se\/index.php\/wp-json\/wp\/v2\/pages\/8\/revisions\/1983"}],"wp:attachment":[{"href":"http:\/\/www.reimersbs.se\/index.php\/wp-json\/wp\/v2\/media?parent=8"}],"curies":[{"name":"wp","href":"https:\/\/api.w.org\/{rel}","templated":true}]}}