{"id":408,"date":"2019-08-11T20:22:38","date_gmt":"2019-08-11T18:22:38","guid":{"rendered":"http:\/\/www.reimersbs.se\/?page_id=408"},"modified":"2020-03-29T10:52:35","modified_gmt":"2020-03-29T08:52:35","slug":"batbottnar","status":"publish","type":"page","link":"http:\/\/www.reimersbs.se\/index.php\/batbottnar\/","title":{"rendered":"Bl\u00e4string och B\u00e5tbottnar"},"content":{"rendered":"\n<p><strong>Information om sanering av b\u00e5tbottnar.<\/strong><\/p>\n\n\n\n<p>Nu ska b\u00e5tarna bl\u00e4stras. Ber\u00f6rda \u00e4r informerade.<br>H\u00e4r hittar du den information som ocks\u00e5 g\u00e5tt ut till ber\u00f6rda via mail och sms.<br><br><\/p>\n\n\n\n<div class=\"wp-block-file\"><a href=\"http:\/\/www.reimersbs.se\/wp-content\/uploads\/2020\/03\/Skydda-b\u00e5t-2019-2.pdf\"><strong>S\u00c5 H\u00c4R SKA DU F\u00d6RBEREDA DIN B\u00c5T INF\u00d6R BL\u00c4STRINGEN<br>KLICKA H\u00c4R P\u00c5 DENNA TEXT F\u00d6R ATT SE BESKRIVNINGEN DIREKT I DIN WEBBL\u00c4SARE<\/strong><br><br><\/a><a href=\"http:\/\/www.reimersbs.se\/wp-content\/uploads\/2020\/03\/Skydda-b\u00e5t-2019-2.pdf\" class=\"wp-block-file__button\" download>Ladda ner<\/a><\/div>\n\n\n\n<div class=\"wp-block-file\"><a href=\"http:\/\/www.reimersbs.se\/wp-content\/uploads\/2020\/03\/Bl\u00e4stringsgrupperna-f\u00e4rg-2.pdf\"><strong>GRUPPINDELNINGEN &#8211; DATUM F\u00d6R BL\u00c4STRING<br>KLICKA H\u00c4R P\u00c5 DENNA TEXT FR\u00d6 ATT SE LISTAN OCH GRUPPINDELNINGEN DIREKT I DIN WEBBL\u00c4SARE<\/strong><br><br><\/a><a href=\"http:\/\/www.reimersbs.se\/wp-content\/uploads\/2020\/03\/Bl\u00e4stringsgrupperna-f\u00e4rg-2.pdf\" class=\"wp-block-file__button\" download>Ladda ner<\/a><\/div>\n\n\n\n<p><\/p>\n\n\n\n<p><br>Tidigare information, fr\u00e5n den f\u00f6rsta m\u00e4tningen av b\u00e5tarna:<\/p>\n\n\n\n<p>Av bifogade information framg\u00e5r vilka b\u00e5tar i Reimers BS som \u00e4r ber\u00f6rda och m\u00e5ste saneras. Tr\u00e4b\u00e5tar har enligt nuvarande information undantagits.\u00a0<br>Vi har i styrelsen infordrat offerter fr\u00e5n n\u00e5gra f\u00f6retag som \u00e4r godk\u00e4nda av Stockholms Stad och h\u00e5ller p\u00e5 att utv\u00e4rdera dessa.<br>M\u00e5ls\u00e4ttningen \u00e4r att g\u00f6ra en gemensam upphandling och kunna erbjuda v\u00e5ra medlemmar ett konkurrenskraftigt pris.<br>Vi r\u00e4knar med att \u00e5terkomma innan b\u00e5tupptagningen.\u00a0<\/p>\n\n\n\n<div class=\"wp-block-file\"><a href=\"http:\/\/www.reimersbs.se\/wp-content\/uploads\/2019\/08\/60203_Rapport_batmatningar_RBS-1.pdf\">KLICKA H\u00c4R P\u00c5 DENNA TEXT F\u00d6R ATT L\u00c4SA RAPPORTEN DIREKT I DIN WEBBL\u00c4SARE &gt;&gt;<br>Vill du ladda ner den som pdf till din dator, kan du klicka p\u00e5 ikonen &#8221;ladda ner&#8221; h\u00e4r nedan:<br><br><\/a><a href=\"http:\/\/www.reimersbs.se\/wp-content\/uploads\/2019\/08\/60203_Rapport_batmatningar_RBS-1.pdf\" class=\"wp-block-file__button\" download>Ladda ner<\/a><\/div>\n","protected":false},"excerpt":{"rendered":"<p>Information om sanering av b\u00e5tbottnar. Nu ska b\u00e5tarna bl\u00e4stras. Ber\u00f6rda \u00e4r informerade.H\u00e4r hittar du den information som ocks\u00e5 g\u00e5tt ut till ber\u00f6rda via mail och sms. Tidigare information, fr\u00e5n den f\u00f6rsta m\u00e4tningen av b\u00e5tarna: Av bifogade information framg\u00e5r vilka b\u00e5tar i Reimers BS som \u00e4r ber\u00f6rda och m\u00e5ste saneras. Tr\u00e4b\u00e5tar&#46;&#46;&#46; <a class=\"more-link\" href=\"http:\/\/www.reimersbs.se\/index.php\/batbottnar\/\">L\u00e4s mer \u00bb<\/a><\/p>\n","protected":false},"author":1,"featured_media":0,"parent":0,"menu_order":0,"comment_status":"closed","ping_status":"closed","template":"","meta":{"footnotes":""},"class_list":["post-408","page","type-page","status-publish","hentry"],"_links":{"self":[{"href":"http:\/\/www.reimersbs.se\/index.php\/wp-json\/wp\/v2\/pages\/408","targetHints":{"allow":["GET"]}}],"collection":[{"href":"http:\/\/www.reimersbs.se\/index.php\/wp-json\/wp\/v2\/pages"}],"about":[{"href":"http:\/\/www.reimersbs.se\/index.php\/wp-json\/wp\/v2\/types\/page"}],"author":[{"embeddable":true,"href":"http:\/\/www.reimersbs.se\/index.php\/wp-json\/wp\/v2\/users\/1"}],"replies":[{"embeddable":true,"href":"http:\/\/www.reimersbs.se\/index.php\/wp-json\/wp\/v2\/comments?post=408"}],"version-history":[{"count":12,"href":"http:\/\/www.reimersbs.se\/index.php\/wp-json\/wp\/v2\/pages\/408\/revisions"}],"predecessor-version":[{"id":489,"href":"http:\/\/www.reimersbs.se\/index.php\/wp-json\/wp\/v2\/pages\/408\/revisions\/489"}],"wp:attachment":[{"href":"http:\/\/www.reimersbs.se\/index.php\/wp-json\/wp\/v2\/media?parent=408"}],"curies":[{"name":"wp","href":"https:\/\/api.w.org\/{rel}","templated":true}]}}